se 4*f - f + u = 16, -3*f = v*u - 19. What is the remainder when f is divided by 4?
1
Suppose -23*t + 250 = -21*t. What is the remainder when t is divided by 21?
20
Suppose f - 50 = 9. Suppose -7*j + 36 = -16*j. Calculate the remainder when f is divided by ((-16)/(-3))/j + 196/12.
14
Let z = -213 + 218. Let n = -1 - -1. Suppose -z*p - 3*r + 85 = n, -3*r = 4*p - 23 - 45. What is the remainder when p is divided by 6?
5
Let a = 28 - -11. Suppose -z + v = -a, -4*v = -2*z - 0 + 82. What is the remainder when z is divided by 13?
11
Let x(j) = -4*j - 19. What is the remainder when 282 is divided by x(-6)?
2
Suppose 5*x - 315 = 2*d, -83*d = -x - 86*d + 63. Calculate the remainder when 247 is divided by x.
58
Suppose 0 = 4*p - 5*a - 99, -7*p + a + 119 = -3*p. Let c = p - 20. Suppose x - 1 = c. Calculate the remainder when 31 is divided by x.
7
Let h be 141/21 + 6/21. Calculate the remainder when 25 is divided by (-2)/h - (1 + 300/(-21)).
12
Let g(m) = m**2 + 5*m - 9. Let c = -7 + -3. Let x be g(c). Suppose -b + 16 = v, 0*b + x = 3*v - 4*b. Calculate the remainder when 43 is divided by v.
13
Let z = -223 + 442. Suppose 3*s = -15, -2*o + 3*o + 4*s = -16. What is the remainder when (-30)/40 + z/o is divided by 19?
16
Calculate the remainder when (-8)/(-2) - (-1 + -232) is divided by 30.
27
Suppose -6*o + 180 = -0*o. Let x be (4/(-2))/(3/(-6)). Suppose -y + 2*r = -2, 0 = -2*y - 3*y + x*r + 28. What is the remainder when o is divided by y?
6
Suppose -25*d = -21*d - 64. Calculate the remainder when 91 is divided by d.
11
Let x = 19 + 36. Calculate the remainder when 439 is divided by x.
54
Calculate the remainder when 5220/39 + 0 + (-12)/(-78) is divided by 2/16 + -271*2/(-16).
32
Suppose -3*l - 2 + 23 = 0. Suppose 4*w - 7*w = 0. Suppose w = -b - o + 25, 102 = 4*b - 0*b + 3*o. Calculate the remainder when b is divided by l.
6
Suppose 45*o = 37*o + 48. Calculate the remainder when 32 is divided by o.
2
Let f = -2538 - -2590. Suppose -2*p = -0*p - 22. Calculate the remainder when f is divided by p.
8
Suppose -34*y = -4*y - 690. What is the remainder when 91 is divided by y?
22
Let j = 719 - 689. What is the remainder when 199 is divided by j?
19
Let b be 22/8 + 12/(-16). Suppose -3*a = 3*p + 3, b*a + p + 0 = -1. Let o = 3 + a. Calculate the remainder when 10 is divided by o.
1
What is the remainder when (-501)/(-5) + 3/(-15) is divided by 42?
16
Suppose y = 39 - 61. What is the remainder when 27 is divided by 4/y - 1169/(-77)?
12
Suppose 2*w = -5*a + 19 - 0, 5*a - 3*w = 34. Calculate the remainder when 5 is divided by a.
0
Suppose g - 24 = 5*g. Let j = g - 72. Let m = -9 - j. What is the remainder when m is divided by 18?
15
What is the remainder when -1 + (-24)/(-15) - 2776/(-40) is divided by 5?
0
Let h(c) = -2*c**2 + 26*c - 55. Calculate the remainder when 59 is divided by h(9).
8
Let i(m) = -7*m - 68. What is the remainder when i(-13) is divided by 9?
5
Let d = 85 + -71. What is the remainder when 85 is divided by d?
1
Let t(d) = d**3 - d**2 - 13*d + 8. Calculate the remainder when t(6) is divided by 35.
5
Let b(x) = -37*x + 68. What is the remainder when b(-3) is divided by 23?
18
Let v = 13 + 27. Suppose -5*i - 5 = -v. Calculate the remainder when 18 is divided by i.
4
Suppose l + 1 = -t - 3*t, -2*t = l + 3. What is the remainder when (-1)/((1 + -4)/105*t) is divided by 12?
11
Let g(d) = 6*d**2 - 8*d. Suppose 4*i + b = 89, -71 = -3*i - 2*b - 3*b. Calculate the remainder when g(4) is divided by i.
20
Let l = -26 - -50. Suppose 0 = -s - 3*x - 1, 2*x - l = -5*s + 10. Let m(k) = 4*k**3 + 56*k**2 + 5. What is the remainder when s is divided by m(-14)?
3
Calculate the remainder when 2 - ((3 - 158) + 5) is divided by 16.
8
Let s(w) = w**2 - 2*w - 3. Let n = -755 - -776. Calculate the remainder when n is divided by s(-3).
9
Let l(u) = u**2 + 57*u + 559. What is the remainder when 288 is divided by l(-10)?
21
Let f(o) = 8*o + 84. What is the remainder when f(13) is divided by 61?
5
Let x(f) = 2*f**2 + 6*f + 6. Suppose -4*w = -4*z - 7 - 5, z - 1 = 0. Calculate the remainder when w is divided by x(-2).
0
Suppose -7*u = -6*u - 13. Suppose u*d - 112 = 5*d. Calculate the remainder when 39 is divided by d.
11
Let d(h) be the second derivative of -h**4/12 - 7*h**3/3 - 4*h. What is the remainder when d(-7) is divided by 5?
4
Let u(i) = 48*i**3 - i**2 + 1. Let y be u(1). Let q = 95 - y. What is the remainder when q is divided by ((-8)/10)/(13/(-195))?
11
Let p be 3*19 + (2 - -1). Let c(i) = i**2 - 13*i + 1. Let x be c(12). Let q = x + p. Calculate the remainder when q is divided by 13.
10
Let g(v) = v**3 + 3*v**2 - 6*v - 6. Let m be (4/8 + 0)*0. Suppose 0 = -3*b - m*b + 21. What is the remainder when b is divided by g(-4)?
1
Suppose 0 = 3*d + 2*d - 3*t, -3*t = 0. Suppose d*l = l - 2. Suppose 58 = l*r + r + 5*o, -4*r + 108 = -o. What is the remainder when 77 is divided by r?
25
Suppose -15 = 5*h, 2*y - 421 - 4 = -h. What is the remainder when y is divided by 12?
10
Suppose -3*v = -4*g - 182, -g = -5*v + 398 - 123. What is the remainder when v is divided by -2*2/4*-19?
16
Suppose -15*v + 19*v = -j + 61, 0 = -2*v - 5*j + 35. Calculate the remainder when 358 is divided by v.
13
Let u(l) = 11*l + 32. Let r be u(24). Let f = r - 73. Calculate the remainder when f is divided by 28.
27
Suppose 69 = 7*f + 6. What is the remainder when 206 is divided by f?
8
Let y(c) = c**2 + 5. Let r be y(0). Suppose -156 = -r*z - 26. Suppose -j - h = h - 5, -3*h = j. What is the remainder when z is divided by j?
11
Let h(a) = a + 12. Let w be h(-14). Let z be 10/10 - 2/w. Suppose -5*l + 27 = -z*l. Calculate the remainder when 26 is divided by l.
8
Suppose a + 2*j - 14 = 0, 77 + 15 = 5*a - j. Suppose -h + 9*i - 4*i + 59 = 0, -3*i = -2*h + 83. What is the remainder when h is divided by a?
16
Let g be (-54)/(-15)*(-1 - (-48)/18). Suppose 3*y = -g*y + 1134. What is the remainder when y is divided by 43?
40
Calculate the remainder when (23/3)/((-31)/(-1395)) is divided by 22.
15
Let w(y) = y**3 + y + 5 + y**2 + 7 + 1 - 2*y**2. Calculate the remainder when 33 is divided by w(0).
7
Let k(o) = -o + 31. What is the remainder when k(-3) is divided by 12?
10
Suppose 2354*q = 2359*q - 490. What is the remainder when q is divided by 26?
20
Suppose -2*l + 0 = -2. Let w be (-495)/(-5) - (l - -2). Suppose 5*k - w = 104. What is the remainder when k is divided by 14?
12
Let r(d) = 14*d + 90. Let n(f) = -28*f - 180. Let b(w) = -6*n(w) - 13*r(w). What is the remainder when b(-9) is divided by 19?
17
Suppose -4*u - q = -50, -3*q = -0*u - 2*u + 18. Let l(v) = 2*v**2 - 7*v + 1. Calculate the remainder when l(6) is divided by u.
7
Let h be (-3)/2 + 13/(-26). Let m be 3 + 1 - 0/h. Suppose -2*r = -4*r - 8, -3*r + 36 = m*q. What is the remainder when 33 is divided by q?
9
Let x be (-2)/6 + (-7)/(-3). Suppose -4*i - 8 = 2*c, 0*i = i + 2*c + x. Calculate the remainder when (i - 1)*(-287)/21 is divided by 14.
13
Let x(y) = 3*y - 28. Let z be x(9). What is the remainder when (z*1)/(1*(-3)/51) is divided by 8?
1
Suppose -2*j = 2*n - 14, 2*j - 4*j - 5*n + 20 = 0. Let z be 2/1*(j + 27). Let g = -7 + z. Calculate the remainder when g is divided by 20.
17
Let n = -20 - -23. Suppose 0 = 4*c + 3*q - 903, -n*c = 3*q - 2*q - 681. Suppose 5*g = 2*g + c. What is the remainder when g is divided by 26?
24
Let p be (-89)/4 - 45/(-36). Let z = p + 26. Calculate the remainder when 63 is divided by z.
3
Let m be (-8)/52 - 56/(-26). What is the remainder when 106 is divided by ((-18)/24)/(m/(-96))?
34
Suppose -2*q + 15 = q, 0 = 5*x + 4*q - 20. Let m = 14 + x. What is the remainder when 53 is divided by m?
11
Suppose 1119 = 55*o - 52*o. What is the remainder when o is divided by 118?
19
Let w(p) = p**3 - 14*p**2 - 4*p + 58. Calculate the remainder when w(15) is divided by 19.
14
Suppose -112 - 17 = -3*c. What is the remainder when c is divided by 22?
21
Let h be 5*-4*2/(-20). Suppose i + 10 = 58. Suppose h*u = -0*u + 5*w + 10, -5*u + i = -w. What is the remainder when 38 is divided by u?
8
Suppose -p - 1 + 11 = 0. What is the remainder when 61 is divided by p*4/3 - 1/3?
9
Let o(s) = 203*s - 1410. Let v(d) = 4*d - 6. What is the remainder when v(6) is divided by o(7)?
7
Let f(l) = -4*l**2 + 4*l + 40. Calculate the remainder when f(0) is div